{"id":1558,"date":"2021-03-29T14:35:18","date_gmt":"2021-03-29T13:35:18","guid":{"rendered":"https:\/\/psychosynthese.fr\/?page_id=1558"},"modified":"2024-06-10T13:38:16","modified_gmt":"2024-06-10T12:38:16","slug":"lequipe","status":"publish","type":"page","link":"https:\/\/psychosynthese.fr\/index.php\/qui-sommes-nous\/lequipe\/","title":{"rendered":"L&rsquo;\u00e9quipe"},"content":{"rendered":"<p>L\u2019Institut Fran\u00e7ais de Psychosynth\u00e8se est une association loi 1901. Le Pr\u00e9sident actuel est Pierre-Joseph Scharr et le centre est dirig\u00e9 par Gwena\u00eblle d\u2019Auber de Peyrelongue.<\/p>\n<p>De nombreux formatrices et formateurs interviennent \u00e0 l&rsquo;IFP, chacun apportant ses comp\u00e9tences particuli\u00e8res :<\/p>\n<ul>\n<li><span style=\"text-decoration: underline;\">Daniela BRUSA ANTONINI<\/span><br \/>\nConf\u00e9renci\u00e8re et praticienne en psychosynth\u00e8se<\/li>\n<li><span style=\"text-decoration: underline;\">Joanne CAULLIEZ<\/span><br \/>\nPraticienne en psychosynth\u00e8se dipl\u00f4m\u00e9e de l&rsquo;\u00c9cole de Psychologues Praticiens (EPP de Paris) et de Psychopathologie clinique. Pratique professionnelle dans l&rsquo;accompagnement de publics en difficult\u00e9 d&rsquo;insertion sociale et professionnelle.<\/li>\n<li><span style=\"text-decoration: underline;\">Vincent CLAESSENS<\/span><br \/>\nPraticien en psychosynth\u00e8se, \u00e9crivain, Licence en communication, massoth\u00e9rapie<\/li>\n<li><span style=\"text-decoration: underline;\">Dominique GARNIER<\/span><br \/>\nPsychologue clinicien et docteur en psychopathologie clinique et psychanalyse. Il est actuellement formateur-consultant, psychologue clinicien, auteur de plusieurs ouvrages<\/li>\n<li><span style=\"text-decoration: underline;\">Jane HUGNET<\/span><br \/>\nSophrologue-relaxologue, DU de M\u00e9thodologie en psychoth\u00e9rapie et socioth\u00e9rapie de l\u2019Universit\u00e9 de Paris \u00e0 l\u2019H\u00f4pital Necker, Praticienne en Psychosynth\u00e8se<\/li>\n<li><span style=\"text-decoration: underline;\">Jocelyne JACQUELARD<\/span><br \/>\nPraticienne en psychosynth\u00e8se<\/li>\n<li><span style=\"text-decoration: underline;\">Elisabetta MAGGI<\/span><br \/>\nTh\u00e9rapeute familiale (Master, Paris VIII) \u2013 Life Coach en Psychosynth\u00e8se certifi\u00e9e (Synthesis Center, U.S.A.) \u2013 Coach Certifi\u00e9e en M\u00e9ditation Pleine Conscience (CMI, NY, U.S.A.) Coach Certifi\u00e9e Transpersonnelle (CMI, NY, U.S.A.) \u2013 Coaching Familial<\/li>\n<li><span style=\"text-decoration: underline;\">Daniela PAOLINI<\/span><br \/>\nPraticienne en psychosynth\u00e8se, conf\u00e9renci\u00e8re, th\u00e9\u00e2tre th\u00e9rapie de groupe, psychosomatique, psychog\u00e9n\u00e9alogie<\/li>\n<li><span style=\"text-decoration: underline;\">St\u00e9phane RENARD<\/span><br \/>\nPraticien en psychosynth\u00e8se, formateur professionnel pour adultes<\/li>\n<li><span style=\"text-decoration: underline;\">Franco SALVINI<\/span><br \/>\nResponsable des formations, psychop\u00e9dagogue, psychoth\u00e9rapeute, praticien en psychosynth\u00e8se<\/li>\n<li><span style=\"text-decoration: underline;\">Sylvie VERCH\u00c8RE<\/span><br \/>\nFormatrice consultante, praticienne en psychosynth\u00e8se, autrice de plusieurs ouvrages<\/li>\n<\/ul>\n","protected":false},"excerpt":{"rendered":"<p>L\u2019Institut Fran\u00e7ais de Psychosynth\u00e8se est une association loi 1901. Le Pr\u00e9sident actuel est Pierre-Joseph Scharr et le centre est dirig\u00e9 par Gwena\u00eblle d\u2019Auber de Peyrelongue. De nombreux formatrices et formateurs interviennent \u00e0 l&rsquo;IFP, chacun apportant ses comp\u00e9tences particuli\u00e8res : Daniela BRUSA ANTONINI Conf\u00e9renci\u00e8re et praticienne en psychosynth\u00e8se Joanne CAULLIEZ Praticienne en psychosynth\u00e8se dipl\u00f4m\u00e9e de l&rsquo;\u00c9cole [&hellip;]<\/p>\n","protected":false},"author":1,"featured_media":0,"parent":1524,"menu_order":2,"comment_status":"closed","ping_status":"closed","template":"","meta":{"_monsterinsights_skip_tracking":false,"_monsterinsights_sitenote_active":false,"_monsterinsights_sitenote_note":"","_monsterinsights_sitenote_category":0,"_uf_show_specific_survey":0,"_uf_disable_surveys":false,"footnotes":""},"class_list":["post-1558","page","type-page","status-publish","czr-hentry"],"yoast_head":"<!-- This site is optimized with the Yoast SEO plugin v24.6 - https:\/\/yoast.com\/wordpress\/plugins\/seo\/ -->\n<title>L&#039;\u00e9quipe - Institut Fran\u00e7ais de Psychosynth\u00e8se<\/title>\n<meta name=\"robots\" content=\"index, follow, max-snippet:-1, max-image-preview:large, max-video-preview:-1\" \/>\n<link rel=\"canonical\" href=\"https:\/\/psychosynthese.fr\/index.php\/qui-sommes-nous\/lequipe\/\" \/>\n<meta property=\"og:locale\" content=\"fr_FR\" \/>\n<meta property=\"og:type\" content=\"article\" \/>\n<meta property=\"og:title\" content=\"L&#039;\u00e9quipe - Institut Fran\u00e7ais de Psychosynth\u00e8se\" \/>\n<meta property=\"og:description\" content=\"L\u2019Institut Fran\u00e7ais de Psychosynth\u00e8se est une association loi 1901. Le Pr\u00e9sident actuel est Pierre-Joseph Scharr et le centre est dirig\u00e9 par Gwena\u00eblle d\u2019Auber de Peyrelongue. De nombreux formatrices et formateurs interviennent \u00e0 l&rsquo;IFP, chacun apportant ses comp\u00e9tences particuli\u00e8res : Daniela BRUSA ANTONINI Conf\u00e9renci\u00e8re et praticienne en psychosynth\u00e8se Joanne CAULLIEZ Praticienne en psychosynth\u00e8se dipl\u00f4m\u00e9e de l&rsquo;\u00c9cole [&hellip;]\" \/>\n<meta property=\"og:url\" content=\"https:\/\/psychosynthese.fr\/index.php\/qui-sommes-nous\/lequipe\/\" \/>\n<meta property=\"og:site_name\" content=\"Institut Fran\u00e7ais de Psychosynth\u00e8se\" \/>\n<meta property=\"article:publisher\" content=\"https:\/\/www.facebook.com\/ifp.paris\" \/>\n<meta property=\"article:modified_time\" content=\"2024-06-10T12:38:16+00:00\" \/>\n<meta property=\"og:image\" content=\"https:\/\/psychosynthese.fr\/wp-content\/uploads\/2017\/03\/cropped-banniereifp03172.png\" \/>\n\t<meta property=\"og:image:width\" content=\"799\" \/>\n\t<meta property=\"og:image:height\" content=\"95\" \/>\n\t<meta property=\"og:image:type\" content=\"image\/png\" \/>\n<meta name=\"twitter:card\" content=\"summary_large_image\" \/>\n<meta name=\"twitter:label1\" content=\"Dur\u00e9e de lecture estim\u00e9e\" \/>\n\t<meta name=\"twitter:data1\" content=\"1 minute\" \/>\n<script type=\"application\/ld+json\" class=\"yoast-schema-graph\">{\"@context\":\"https:\/\/schema.org\",\"@graph\":[{\"@type\":\"WebPage\",\"@id\":\"https:\/\/psychosynthese.fr\/index.php\/qui-sommes-nous\/lequipe\/\",\"url\":\"https:\/\/psychosynthese.fr\/index.php\/qui-sommes-nous\/lequipe\/\",\"name\":\"L'\u00e9quipe - Institut Fran\u00e7ais de Psychosynth\u00e8se\",\"isPartOf\":{\"@id\":\"https:\/\/psychosynthese.fr\/#website\"},\"datePublished\":\"2021-03-29T13:35:18+00:00\",\"dateModified\":\"2024-06-10T12:38:16+00:00\",\"breadcrumb\":{\"@id\":\"https:\/\/psychosynthese.fr\/index.php\/qui-sommes-nous\/lequipe\/#breadcrumb\"},\"inLanguage\":\"fr-FR\",\"potentialAction\":[{\"@type\":\"ReadAction\",\"target\":[\"https:\/\/psychosynthese.fr\/index.php\/qui-sommes-nous\/lequipe\/\"]}]},{\"@type\":\"BreadcrumbList\",\"@id\":\"https:\/\/psychosynthese.fr\/index.php\/qui-sommes-nous\/lequipe\/#breadcrumb\",\"itemListElement\":[{\"@type\":\"ListItem\",\"position\":1,\"name\":\"Accueil\",\"item\":\"https:\/\/psychosynthese.fr\/\"},{\"@type\":\"ListItem\",\"position\":2,\"name\":\"Qui sommes-nous ?\",\"item\":\"https:\/\/psychosynthese.fr\/index.php\/qui-sommes-nous\/\"},{\"@type\":\"ListItem\",\"position\":3,\"name\":\"L&#8217;\u00e9quipe\"}]},{\"@type\":\"WebSite\",\"@id\":\"https:\/\/psychosynthese.fr\/#website\",\"url\":\"https:\/\/psychosynthese.fr\/\",\"name\":\"Institut Fran\u00e7ais de Psychosynth\u00e8se\",\"description\":\"Formation en psychosynth\u00e8se\",\"publisher\":{\"@id\":\"https:\/\/psychosynthese.fr\/#organization\"},\"alternateName\":\"IFP\",\"potentialAction\":[{\"@type\":\"SearchAction\",\"target\":{\"@type\":\"EntryPoint\",\"urlTemplate\":\"https:\/\/psychosynthese.fr\/?s={search_term_string}\"},\"query-input\":{\"@type\":\"PropertyValueSpecification\",\"valueRequired\":true,\"valueName\":\"search_term_string\"}}],\"inLanguage\":\"fr-FR\"},{\"@type\":\"Organization\",\"@id\":\"https:\/\/psychosynthese.fr\/#organization\",\"name\":\"Institut Fran\u00e7ais de Psychosynth\u00e8se\",\"url\":\"https:\/\/psychosynthese.fr\/\",\"logo\":{\"@type\":\"ImageObject\",\"inLanguage\":\"fr-FR\",\"@id\":\"https:\/\/psychosynthese.fr\/#\/schema\/logo\/image\/\",\"url\":\"https:\/\/psychosynthese.fr\/wp-content\/uploads\/2017\/03\/cropped-cropped-logo-ifp-155.jpg\",\"contentUrl\":\"https:\/\/psychosynthese.fr\/wp-content\/uploads\/2017\/03\/cropped-cropped-logo-ifp-155.jpg\",\"width\":135,\"height\":135,\"caption\":\"Institut Fran\u00e7ais de Psychosynth\u00e8se\"},\"image\":{\"@id\":\"https:\/\/psychosynthese.fr\/#\/schema\/logo\/image\/\"},\"sameAs\":[\"https:\/\/www.facebook.com\/ifp.paris\",\"https:\/\/www.youtube.com\/channel\/UCKmHyF5IEF9hQ_UI4mmbYgw\"]}]}<\/script>\n<!-- \/ Yoast SEO plugin. -->","yoast_head_json":{"title":"L'\u00e9quipe - Institut Fran\u00e7ais de Psychosynth\u00e8se","robots":{"index":"index","follow":"follow","max-snippet":"max-snippet:-1","max-image-preview":"max-image-preview:large","max-video-preview":"max-video-preview:-1"},"canonical":"https:\/\/psychosynthese.fr\/index.php\/qui-sommes-nous\/lequipe\/","og_locale":"fr_FR","og_type":"article","og_title":"L'\u00e9quipe - Institut Fran\u00e7ais de Psychosynth\u00e8se","og_description":"L\u2019Institut Fran\u00e7ais de Psychosynth\u00e8se est une association loi 1901. Le Pr\u00e9sident actuel est Pierre-Joseph Scharr et le centre est dirig\u00e9 par Gwena\u00eblle d\u2019Auber de Peyrelongue. De nombreux formatrices et formateurs interviennent \u00e0 l&rsquo;IFP, chacun apportant ses comp\u00e9tences particuli\u00e8res : Daniela BRUSA ANTONINI Conf\u00e9renci\u00e8re et praticienne en psychosynth\u00e8se Joanne CAULLIEZ Praticienne en psychosynth\u00e8se dipl\u00f4m\u00e9e de l&rsquo;\u00c9cole [&hellip;]","og_url":"https:\/\/psychosynthese.fr\/index.php\/qui-sommes-nous\/lequipe\/","og_site_name":"Institut Fran\u00e7ais de Psychosynth\u00e8se","article_publisher":"https:\/\/www.facebook.com\/ifp.paris","article_modified_time":"2024-06-10T12:38:16+00:00","og_image":[{"width":799,"height":95,"url":"https:\/\/psychosynthese.fr\/wp-content\/uploads\/2017\/03\/cropped-banniereifp03172.png","type":"image\/png"}],"twitter_card":"summary_large_image","twitter_misc":{"Dur\u00e9e de lecture estim\u00e9e":"1 minute"},"schema":{"@context":"https:\/\/schema.org","@graph":[{"@type":"WebPage","@id":"https:\/\/psychosynthese.fr\/index.php\/qui-sommes-nous\/lequipe\/","url":"https:\/\/psychosynthese.fr\/index.php\/qui-sommes-nous\/lequipe\/","name":"L'\u00e9quipe - Institut Fran\u00e7ais de Psychosynth\u00e8se","isPartOf":{"@id":"https:\/\/psychosynthese.fr\/#website"},"datePublished":"2021-03-29T13:35:18+00:00","dateModified":"2024-06-10T12:38:16+00:00","breadcrumb":{"@id":"https:\/\/psychosynthese.fr\/index.php\/qui-sommes-nous\/lequipe\/#breadcrumb"},"inLanguage":"fr-FR","potentialAction":[{"@type":"ReadAction","target":["https:\/\/psychosynthese.fr\/index.php\/qui-sommes-nous\/lequipe\/"]}]},{"@type":"BreadcrumbList","@id":"https:\/\/psychosynthese.fr\/index.php\/qui-sommes-nous\/lequipe\/#breadcrumb","itemListElement":[{"@type":"ListItem","position":1,"name":"Accueil","item":"https:\/\/psychosynthese.fr\/"},{"@type":"ListItem","position":2,"name":"Qui sommes-nous ?","item":"https:\/\/psychosynthese.fr\/index.php\/qui-sommes-nous\/"},{"@type":"ListItem","position":3,"name":"L&#8217;\u00e9quipe"}]},{"@type":"WebSite","@id":"https:\/\/psychosynthese.fr\/#website","url":"https:\/\/psychosynthese.fr\/","name":"Institut Fran\u00e7ais de Psychosynth\u00e8se","description":"Formation en psychosynth\u00e8se","publisher":{"@id":"https:\/\/psychosynthese.fr\/#organization"},"alternateName":"IFP","potentialAction":[{"@type":"SearchAction","target":{"@type":"EntryPoint","urlTemplate":"https:\/\/psychosynthese.fr\/?s={search_term_string}"},"query-input":{"@type":"PropertyValueSpecification","valueRequired":true,"valueName":"search_term_string"}}],"inLanguage":"fr-FR"},{"@type":"Organization","@id":"https:\/\/psychosynthese.fr\/#organization","name":"Institut Fran\u00e7ais de Psychosynth\u00e8se","url":"https:\/\/psychosynthese.fr\/","logo":{"@type":"ImageObject","inLanguage":"fr-FR","@id":"https:\/\/psychosynthese.fr\/#\/schema\/logo\/image\/","url":"https:\/\/psychosynthese.fr\/wp-content\/uploads\/2017\/03\/cropped-cropped-logo-ifp-155.jpg","contentUrl":"https:\/\/psychosynthese.fr\/wp-content\/uploads\/2017\/03\/cropped-cropped-logo-ifp-155.jpg","width":135,"height":135,"caption":"Institut Fran\u00e7ais de Psychosynth\u00e8se"},"image":{"@id":"https:\/\/psychosynthese.fr\/#\/schema\/logo\/image\/"},"sameAs":["https:\/\/www.facebook.com\/ifp.paris","https:\/\/www.youtube.com\/channel\/UCKmHyF5IEF9hQ_UI4mmbYgw"]}]}},"_links":{"self":[{"href":"https:\/\/psychosynthese.fr\/index.php\/wp-json\/wp\/v2\/pages\/1558","targetHints":{"allow":["GET"]}}],"collection":[{"href":"https:\/\/psychosynthese.fr\/index.php\/wp-json\/wp\/v2\/pages"}],"about":[{"href":"https:\/\/psychosynthese.fr\/index.php\/wp-json\/wp\/v2\/types\/page"}],"author":[{"embeddable":true,"href":"https:\/\/psychosynthese.fr\/index.php\/wp-json\/wp\/v2\/users\/1"}],"replies":[{"embeddable":true,"href":"https:\/\/psychosynthese.fr\/index.php\/wp-json\/wp\/v2\/comments?post=1558"}],"version-history":[{"count":6,"href":"https:\/\/psychosynthese.fr\/index.php\/wp-json\/wp\/v2\/pages\/1558\/revisions"}],"predecessor-version":[{"id":2059,"href":"https:\/\/psychosynthese.fr\/index.php\/wp-json\/wp\/v2\/pages\/1558\/revisions\/2059"}],"up":[{"embeddable":true,"href":"https:\/\/psychosynthese.fr\/index.php\/wp-json\/wp\/v2\/pages\/1524"}],"wp:attachment":[{"href":"https:\/\/psychosynthese.fr\/index.php\/wp-json\/wp\/v2\/media?parent=1558"}],"curies":[{"name":"wp","href":"https:\/\/api.w.org\/{rel}","templated":true}]}}