{"id":1566,"date":"2021-03-29T15:02:31","date_gmt":"2021-03-29T14:02:31","guid":{"rendered":"https:\/\/psychosynthese.fr\/?page_id=1566"},"modified":"2023-03-27T16:41:24","modified_gmt":"2023-03-27T15:41:24","slug":"la-psychosynthese-dans-le-monde","status":"publish","type":"page","link":"https:\/\/psychosynthese.fr\/index.php\/la-psychosynthese\/la-psychosynthese-dans-le-monde\/","title":{"rendered":"La psychosynth\u00e8se en Europe"},"content":{"rendered":"\n<p>Il existe actuellement de nombreux instituts et centres de Psychosynth\u00e8se dans le monde. Si vous souhaitez les d\u00e9couvrir, l&rsquo;Institut de Psychosynth\u00e8se de Florence a mis \u00e0 disposition une carte qui les r\u00e9pertorie.<\/p>\n\n\n\n<p><\/p>\n\n\n\n<figure class=\"wp-block-image size-large\"><img decoding=\"async\" src=\"https:\/\/www.google.com\/maps\/d\/u\/0\/viewer?ll=44.166562752152885%2C10.131666099999979&amp;z=5&amp;mid=1-Jl7geBkwM8FXqR_Lem6BF8JzTEbi_HA\"\/><\/figure>\n","protected":false},"excerpt":{"rendered":"<p>Il existe actuellement de nombreux instituts et centres de Psychosynth\u00e8se dans le monde. Si vous souhaitez les d\u00e9couvrir, l&rsquo;Institut de Psychosynth\u00e8se de Florence a mis \u00e0 disposition une carte qui les r\u00e9pertorie.<\/p>\n","protected":false},"author":1,"featured_media":0,"parent":1526,"menu_order":2,"comment_status":"closed","ping_status":"closed","template":"","meta":{"_monsterinsights_skip_tracking":false,"_monsterinsights_sitenote_active":false,"_monsterinsights_sitenote_note":"","_monsterinsights_sitenote_category":0,"_uf_show_specific_survey":0,"_uf_disable_surveys":false,"footnotes":""},"class_list":["post-1566","page","type-page","status-publish","czr-hentry"],"yoast_head":"<!-- This site is optimized with the Yoast SEO plugin v24.6 - https:\/\/yoast.com\/wordpress\/plugins\/seo\/ -->\n<title>La psychosynth\u00e8se en Europe - Institut Fran\u00e7ais de Psychosynth\u00e8se<\/title>\n<meta name=\"description\" content=\"La psychosynth\u00e8se dans le monde. Connue depuis 120 ans elle est int\u00e9gr\u00e9e dans toutes les universit\u00e9s ouvertes \u00e0 l&#039;\u00e9volution des approches diff\u00e9rentes et aux r\u00e9sultats des recherches entreprises par les scientifique et praticiens de ces domaines.\" \/>\n<meta name=\"robots\" content=\"index, follow, max-snippet:-1, max-image-preview:large, max-video-preview:-1\" \/>\n<link rel=\"canonical\" href=\"https:\/\/psychosynthese.fr\/index.php\/la-psychosynthese\/la-psychosynthese-dans-le-monde\/\" \/>\n<meta property=\"og:locale\" content=\"fr_FR\" \/>\n<meta property=\"og:type\" content=\"article\" \/>\n<meta property=\"og:title\" content=\"La psychosynth\u00e8se en Europe - Institut Fran\u00e7ais de Psychosynth\u00e8se\" \/>\n<meta property=\"og:description\" content=\"La psychosynth\u00e8se dans le monde. Connue depuis 120 ans elle est int\u00e9gr\u00e9e dans toutes les universit\u00e9s ouvertes \u00e0 l&#039;\u00e9volution des approches diff\u00e9rentes et aux r\u00e9sultats des recherches entreprises par les scientifique et praticiens de ces domaines.\" \/>\n<meta property=\"og:url\" content=\"https:\/\/psychosynthese.fr\/index.php\/la-psychosynthese\/la-psychosynthese-dans-le-monde\/\" \/>\n<meta property=\"og:site_name\" content=\"Institut Fran\u00e7ais de Psychosynth\u00e8se\" \/>\n<meta property=\"article:publisher\" content=\"https:\/\/www.facebook.com\/ifp.paris\" \/>\n<meta property=\"article:modified_time\" content=\"2023-03-27T15:41:24+00:00\" \/>\n<meta property=\"og:image\" content=\"https:\/\/www.google.com\/maps\/d\/u\/0\/viewer?ll=44.166562752152885%2C10.131666099999979&amp;z=5&amp;mid=1-Jl7geBkwM8FXqR_Lem6BF8JzTEbi_HA\" \/>\n<meta name=\"twitter:card\" content=\"summary_large_image\" \/>\n<script type=\"application\/ld+json\" class=\"yoast-schema-graph\">{\"@context\":\"https:\/\/schema.org\",\"@graph\":[{\"@type\":\"WebPage\",\"@id\":\"https:\/\/psychosynthese.fr\/index.php\/la-psychosynthese\/la-psychosynthese-dans-le-monde\/\",\"url\":\"https:\/\/psychosynthese.fr\/index.php\/la-psychosynthese\/la-psychosynthese-dans-le-monde\/\",\"name\":\"La psychosynth\u00e8se en Europe - Institut Fran\u00e7ais de Psychosynth\u00e8se\",\"isPartOf\":{\"@id\":\"https:\/\/psychosynthese.fr\/#website\"},\"primaryImageOfPage\":{\"@id\":\"https:\/\/psychosynthese.fr\/index.php\/la-psychosynthese\/la-psychosynthese-dans-le-monde\/#primaryimage\"},\"image\":{\"@id\":\"https:\/\/psychosynthese.fr\/index.php\/la-psychosynthese\/la-psychosynthese-dans-le-monde\/#primaryimage\"},\"thumbnailUrl\":\"https:\/\/www.google.com\/maps\/d\/u\/0\/viewer?ll=44.166562752152885%2C10.131666099999979&amp;z=5&amp;mid=1-Jl7geBkwM8FXqR_Lem6BF8JzTEbi_HA\",\"datePublished\":\"2021-03-29T14:02:31+00:00\",\"dateModified\":\"2023-03-27T15:41:24+00:00\",\"description\":\"La psychosynth\u00e8se dans le monde. Connue depuis 120 ans elle est int\u00e9gr\u00e9e dans toutes les universit\u00e9s ouvertes \u00e0 l'\u00e9volution des approches diff\u00e9rentes et aux r\u00e9sultats des recherches entreprises par les scientifique et praticiens de ces domaines.\",\"breadcrumb\":{\"@id\":\"https:\/\/psychosynthese.fr\/index.php\/la-psychosynthese\/la-psychosynthese-dans-le-monde\/#breadcrumb\"},\"inLanguage\":\"fr-FR\",\"potentialAction\":[{\"@type\":\"ReadAction\",\"target\":[\"https:\/\/psychosynthese.fr\/index.php\/la-psychosynthese\/la-psychosynthese-dans-le-monde\/\"]}]},{\"@type\":\"ImageObject\",\"inLanguage\":\"fr-FR\",\"@id\":\"https:\/\/psychosynthese.fr\/index.php\/la-psychosynthese\/la-psychosynthese-dans-le-monde\/#primaryimage\",\"url\":\"https:\/\/www.google.com\/maps\/d\/u\/0\/viewer?ll=44.166562752152885%2C10.131666099999979&amp;z=5&amp;mid=1-Jl7geBkwM8FXqR_Lem6BF8JzTEbi_HA\",\"contentUrl\":\"https:\/\/www.google.com\/maps\/d\/u\/0\/viewer?ll=44.166562752152885%2C10.131666099999979&amp;z=5&amp;mid=1-Jl7geBkwM8FXqR_Lem6BF8JzTEbi_HA\"},{\"@type\":\"BreadcrumbList\",\"@id\":\"https:\/\/psychosynthese.fr\/index.php\/la-psychosynthese\/la-psychosynthese-dans-le-monde\/#breadcrumb\",\"itemListElement\":[{\"@type\":\"ListItem\",\"position\":1,\"name\":\"Accueil\",\"item\":\"https:\/\/psychosynthese.fr\/\"},{\"@type\":\"ListItem\",\"position\":2,\"name\":\"La psychosynth\u00e8se\",\"item\":\"https:\/\/psychosynthese.fr\/index.php\/la-psychosynthese\/\"},{\"@type\":\"ListItem\",\"position\":3,\"name\":\"La psychosynth\u00e8se en Europe\"}]},{\"@type\":\"WebSite\",\"@id\":\"https:\/\/psychosynthese.fr\/#website\",\"url\":\"https:\/\/psychosynthese.fr\/\",\"name\":\"Institut Fran\u00e7ais de Psychosynth\u00e8se\",\"description\":\"Formation en psychosynth\u00e8se\",\"publisher\":{\"@id\":\"https:\/\/psychosynthese.fr\/#organization\"},\"alternateName\":\"IFP\",\"potentialAction\":[{\"@type\":\"SearchAction\",\"target\":{\"@type\":\"EntryPoint\",\"urlTemplate\":\"https:\/\/psychosynthese.fr\/?s={search_term_string}\"},\"query-input\":{\"@type\":\"PropertyValueSpecification\",\"valueRequired\":true,\"valueName\":\"search_term_string\"}}],\"inLanguage\":\"fr-FR\"},{\"@type\":\"Organization\",\"@id\":\"https:\/\/psychosynthese.fr\/#organization\",\"name\":\"Institut Fran\u00e7ais de Psychosynth\u00e8se\",\"url\":\"https:\/\/psychosynthese.fr\/\",\"logo\":{\"@type\":\"ImageObject\",\"inLanguage\":\"fr-FR\",\"@id\":\"https:\/\/psychosynthese.fr\/#\/schema\/logo\/image\/\",\"url\":\"https:\/\/psychosynthese.fr\/wp-content\/uploads\/2017\/03\/cropped-cropped-logo-ifp-155.jpg\",\"contentUrl\":\"https:\/\/psychosynthese.fr\/wp-content\/uploads\/2017\/03\/cropped-cropped-logo-ifp-155.jpg\",\"width\":135,\"height\":135,\"caption\":\"Institut Fran\u00e7ais de Psychosynth\u00e8se\"},\"image\":{\"@id\":\"https:\/\/psychosynthese.fr\/#\/schema\/logo\/image\/\"},\"sameAs\":[\"https:\/\/www.facebook.com\/ifp.paris\",\"https:\/\/www.youtube.com\/channel\/UCKmHyF5IEF9hQ_UI4mmbYgw\"]}]}<\/script>\n<!-- \/ Yoast SEO plugin. -->","yoast_head_json":{"title":"La psychosynth\u00e8se en Europe - Institut Fran\u00e7ais de Psychosynth\u00e8se","description":"La psychosynth\u00e8se dans le monde. Connue depuis 120 ans elle est int\u00e9gr\u00e9e dans toutes les universit\u00e9s ouvertes \u00e0 l'\u00e9volution des approches diff\u00e9rentes et aux r\u00e9sultats des recherches entreprises par les scientifique et praticiens de ces domaines.","robots":{"index":"index","follow":"follow","max-snippet":"max-snippet:-1","max-image-preview":"max-image-preview:large","max-video-preview":"max-video-preview:-1"},"canonical":"https:\/\/psychosynthese.fr\/index.php\/la-psychosynthese\/la-psychosynthese-dans-le-monde\/","og_locale":"fr_FR","og_type":"article","og_title":"La psychosynth\u00e8se en Europe - Institut Fran\u00e7ais de Psychosynth\u00e8se","og_description":"La psychosynth\u00e8se dans le monde. Connue depuis 120 ans elle est int\u00e9gr\u00e9e dans toutes les universit\u00e9s ouvertes \u00e0 l'\u00e9volution des approches diff\u00e9rentes et aux r\u00e9sultats des recherches entreprises par les scientifique et praticiens de ces domaines.","og_url":"https:\/\/psychosynthese.fr\/index.php\/la-psychosynthese\/la-psychosynthese-dans-le-monde\/","og_site_name":"Institut Fran\u00e7ais de Psychosynth\u00e8se","article_publisher":"https:\/\/www.facebook.com\/ifp.paris","article_modified_time":"2023-03-27T15:41:24+00:00","og_image":[{"url":"https:\/\/www.google.com\/maps\/d\/u\/0\/viewer?ll=44.166562752152885%2C10.131666099999979&amp;z=5&amp;mid=1-Jl7geBkwM8FXqR_Lem6BF8JzTEbi_HA","type":"","width":"","height":""}],"twitter_card":"summary_large_image","schema":{"@context":"https:\/\/schema.org","@graph":[{"@type":"WebPage","@id":"https:\/\/psychosynthese.fr\/index.php\/la-psychosynthese\/la-psychosynthese-dans-le-monde\/","url":"https:\/\/psychosynthese.fr\/index.php\/la-psychosynthese\/la-psychosynthese-dans-le-monde\/","name":"La psychosynth\u00e8se en Europe - Institut Fran\u00e7ais de Psychosynth\u00e8se","isPartOf":{"@id":"https:\/\/psychosynthese.fr\/#website"},"primaryImageOfPage":{"@id":"https:\/\/psychosynthese.fr\/index.php\/la-psychosynthese\/la-psychosynthese-dans-le-monde\/#primaryimage"},"image":{"@id":"https:\/\/psychosynthese.fr\/index.php\/la-psychosynthese\/la-psychosynthese-dans-le-monde\/#primaryimage"},"thumbnailUrl":"https:\/\/www.google.com\/maps\/d\/u\/0\/viewer?ll=44.166562752152885%2C10.131666099999979&amp;z=5&amp;mid=1-Jl7geBkwM8FXqR_Lem6BF8JzTEbi_HA","datePublished":"2021-03-29T14:02:31+00:00","dateModified":"2023-03-27T15:41:24+00:00","description":"La psychosynth\u00e8se dans le monde. Connue depuis 120 ans elle est int\u00e9gr\u00e9e dans toutes les universit\u00e9s ouvertes \u00e0 l'\u00e9volution des approches diff\u00e9rentes et aux r\u00e9sultats des recherches entreprises par les scientifique et praticiens de ces domaines.","breadcrumb":{"@id":"https:\/\/psychosynthese.fr\/index.php\/la-psychosynthese\/la-psychosynthese-dans-le-monde\/#breadcrumb"},"inLanguage":"fr-FR","potentialAction":[{"@type":"ReadAction","target":["https:\/\/psychosynthese.fr\/index.php\/la-psychosynthese\/la-psychosynthese-dans-le-monde\/"]}]},{"@type":"ImageObject","inLanguage":"fr-FR","@id":"https:\/\/psychosynthese.fr\/index.php\/la-psychosynthese\/la-psychosynthese-dans-le-monde\/#primaryimage","url":"https:\/\/www.google.com\/maps\/d\/u\/0\/viewer?ll=44.166562752152885%2C10.131666099999979&amp;z=5&amp;mid=1-Jl7geBkwM8FXqR_Lem6BF8JzTEbi_HA","contentUrl":"https:\/\/www.google.com\/maps\/d\/u\/0\/viewer?ll=44.166562752152885%2C10.131666099999979&amp;z=5&amp;mid=1-Jl7geBkwM8FXqR_Lem6BF8JzTEbi_HA"},{"@type":"BreadcrumbList","@id":"https:\/\/psychosynthese.fr\/index.php\/la-psychosynthese\/la-psychosynthese-dans-le-monde\/#breadcrumb","itemListElement":[{"@type":"ListItem","position":1,"name":"Accueil","item":"https:\/\/psychosynthese.fr\/"},{"@type":"ListItem","position":2,"name":"La psychosynth\u00e8se","item":"https:\/\/psychosynthese.fr\/index.php\/la-psychosynthese\/"},{"@type":"ListItem","position":3,"name":"La psychosynth\u00e8se en Europe"}]},{"@type":"WebSite","@id":"https:\/\/psychosynthese.fr\/#website","url":"https:\/\/psychosynthese.fr\/","name":"Institut Fran\u00e7ais de Psychosynth\u00e8se","description":"Formation en psychosynth\u00e8se","publisher":{"@id":"https:\/\/psychosynthese.fr\/#organization"},"alternateName":"IFP","potentialAction":[{"@type":"SearchAction","target":{"@type":"EntryPoint","urlTemplate":"https:\/\/psychosynthese.fr\/?s={search_term_string}"},"query-input":{"@type":"PropertyValueSpecification","valueRequired":true,"valueName":"search_term_string"}}],"inLanguage":"fr-FR"},{"@type":"Organization","@id":"https:\/\/psychosynthese.fr\/#organization","name":"Institut Fran\u00e7ais de Psychosynth\u00e8se","url":"https:\/\/psychosynthese.fr\/","logo":{"@type":"ImageObject","inLanguage":"fr-FR","@id":"https:\/\/psychosynthese.fr\/#\/schema\/logo\/image\/","url":"https:\/\/psychosynthese.fr\/wp-content\/uploads\/2017\/03\/cropped-cropped-logo-ifp-155.jpg","contentUrl":"https:\/\/psychosynthese.fr\/wp-content\/uploads\/2017\/03\/cropped-cropped-logo-ifp-155.jpg","width":135,"height":135,"caption":"Institut Fran\u00e7ais de Psychosynth\u00e8se"},"image":{"@id":"https:\/\/psychosynthese.fr\/#\/schema\/logo\/image\/"},"sameAs":["https:\/\/www.facebook.com\/ifp.paris","https:\/\/www.youtube.com\/channel\/UCKmHyF5IEF9hQ_UI4mmbYgw"]}]}},"_links":{"self":[{"href":"https:\/\/psychosynthese.fr\/index.php\/wp-json\/wp\/v2\/pages\/1566","targetHints":{"allow":["GET"]}}],"collection":[{"href":"https:\/\/psychosynthese.fr\/index.php\/wp-json\/wp\/v2\/pages"}],"about":[{"href":"https:\/\/psychosynthese.fr\/index.php\/wp-json\/wp\/v2\/types\/page"}],"author":[{"embeddable":true,"href":"https:\/\/psychosynthese.fr\/index.php\/wp-json\/wp\/v2\/users\/1"}],"replies":[{"embeddable":true,"href":"https:\/\/psychosynthese.fr\/index.php\/wp-json\/wp\/v2\/comments?post=1566"}],"version-history":[{"count":13,"href":"https:\/\/psychosynthese.fr\/index.php\/wp-json\/wp\/v2\/pages\/1566\/revisions"}],"predecessor-version":[{"id":2906,"href":"https:\/\/psychosynthese.fr\/index.php\/wp-json\/wp\/v2\/pages\/1566\/revisions\/2906"}],"up":[{"embeddable":true,"href":"https:\/\/psychosynthese.fr\/index.php\/wp-json\/wp\/v2\/pages\/1526"}],"wp:attachment":[{"href":"https:\/\/psychosynthese.fr\/index.php\/wp-json\/wp\/v2\/media?parent=1566"}],"curies":[{"name":"wp","href":"https:\/\/api.w.org\/{rel}","templated":true}]}}